) = m**3 - 6*m**2 - 6*m - 5. Determine o(z).
2
Let k(g) be the first derivative of -g**2 - 11*g + 64. Give k(-6).
1
Let j = 162 + -173. Let x(y) = -y**3 - 12*y**2 - 11*y + 9. Determine x(j).
9
Let p(l) = -3*l**2 - l - 1. Let m be 2 + 9 - (-6)/(-2). Suppose -4*z = -m*z - 8. Determine p(z).
-11
Let y(u) = 6*u - 29 + 4 - 2 - 1 + 18. Calculate y(2).
2
Let k(a) = -14*a**3 + a. Let h = -20 - -23. Suppose 16 = z + 5*v, -3*v + 12 = -0*z + h*z. Determine k(z).
-13
Let i(a) = 13*a**2 + 44*a - 16. Let z(u) = -5*u**2 - 15*u + 5. Let s(f) = -3*i(f) - 8*z(f). Give s(11).
-3
Let g(y) be the second derivative of -y**5/20 + y**4/2 + y**3/3 + y**2 + 3*y - 21. Determine g(6).
14
Let i(c) be the first derivative of -6*c + 1/3*c**3 - 7/2*c**2 - 1. Calculate i(7).
-6
Let m(x) = 5*x**2 - 1. Let u(s) = 3*s**3 - 51*s + 48*s + 5*s**2 - 2*s**3 - 16. Let a be u(-5). Give m(a).
4
Let w(p) be the third derivative of p**6/360 - p**5/120 + p**3/6 + 24*p**2. Let r(l) be the first derivative of w(l). Suppose 4*t = -t + 5. Give r(t).
0
Let c(d) = d**3 + 12*d**2 + d + 12. Let i(o) = 2*o**3 + 25*o**2 + o + 25. Let b(u) = 13*c(u) - 6*i(u). Suppose -3*t - 34*x + 33*x = 19, t = x - 1. Give b(t).
-4
Suppose 4*g + p - 6 = 5*g, -4*p = 0. Let c(s) = -s - 4. Let j be c(-6). Let l(t) = -2*t + 2*t - 1 - j*t. Calculate l(g).
11
Suppose m - 5 + 1 = 0. Let u(j) = 1147*j + 18. Let x(a) = -1065*a - 17. Let y(s) = -13*u(s) - 14*x(s). What is y(m)?
0
Suppose -19 = -6*y + 5*y. Let p(d) = -y*d + 0 + 1 + 20*d. Give p(-3).
-2
Let c = -266 - -259. Let s(b) = b**3 + 8*b**2 + 8*b + 2. Calculate s(c).
-5
Let o(w) = -3 + 6 - 1 + 12*w - 3 + 3 + w**2. What is o(-12)?
2
Let y(p) = -4*p - 6. Let f(i) be the first derivative of -i**2 - 10*i + 21. Let l be f(-3). Give y(l).
10
Let r(q) = q + 14. Let c(l) be the first derivative of l**4/4 + 23*l**3/3 + 12*l**2 + 36*l + 19. Let u be c(-22). Determine r(u).
6
Let f(x) = x**2 + 3*x**3 + 1 - 2*x**3 - x + 3*x. Let v(n) = n - 7. Let d = -25 - -30. Let i be v(d). What is f(i)?
-7
Let u(l) = -l**3 + 4*l**2 - 4*l. Suppose 0 = -4*k - 12. Let x(t) = -2*t**3 + 5*t**2 - 4*t + 1. Let n(d) = k*x(d) + 4*u(d). Give n(-2).
-7
Let v(r) = 5*r**2 + 2*r + 14. Let i(w) = -w**2 - 1. Let h(j) = 4*i(j) + v(j). Let m be h(0). Suppose 0 = -6*t + 4*t + m. Let u(g) = 3*g - 7. Calculate u(t).
8
Let g(z) = -17*z**3 - 2*z**2 + z. Suppose 3*x + r = -7 + 6, 5*x + 3*r = -7. What is g(x)?
-18
Let s be 174/117 + -1 - 68/442. Let t(j) be the third derivative of -1/24*j**4 - j**2 + s*j**3 + 0 + 0*j. Give t(4).
-2
Let f(j) be the first derivative of j**5/120 - j**4/8 - 3*j**3 + 8. Let t(k) be the third derivative of f(k). Let x be 1/(-1)*(-1 - -1). Determine t(x).
-3
Let q(b) = -29*b - 18*b**2 + 33*b + 12*b**2 - 2 + b**3. Calculate q(4).
-18
Let d(p) = -3*p**2 + 3*p - 3. Let n(a) = 189*a + 11 - 88*a - 95*a - 69. Let q be n(10). What is d(q)?
-9
Let l(w) be the second derivative of w**4/12 + w**3/2 + w**2/2 - 2*w. Suppose 4*y - 4*c - 7 - 9 = 0, 5*y - 2*c = 5. Let s be 1/(5 + -4)*3/y. What is l(s)?
1
Let w(b) = 2*b + 12. Let x be w(-5). Suppose 0 = -s + 8 - x. Let r(y) = y**3 - 7*y**2 + 5*y + 2. Calculate r(s).
-4
Let q(x) = x - 2. Let j(v) = -v**3 - 14*v**2 - 12*v + 8. Let b be ((-30)/(-15))/((-2)/4). Let i be -12 - b/16*-4. Let g be j(i). What is q(g)?
-7
Let u(d) = d - 7. Let g(v) = -v**3 + v**2 + 2*v - 4. Let i be g(-3). Let x = -6 + i. Suppose -x = -f - 4*f. Determine u(f).
-3
Let o(p) be the third derivative of p**5/60 - 3*p**4/4 + 4*p**3 - 7*p**2 + 2*p. Determine o(17).
7
Suppose -400*p - 44 = -396*p. Let q(i) = i**2 + 9*i + 7. What is q(p)?
29
Let k(y) = 2*y - 8. Suppose 3*c + 13*c = 176. Give k(c).
14
Let l(r) be the third derivative of -5/6*r**3 + 0*r + 0 + 1/24*r**4 + 2*r**2. Let g = -996 + 996. Calculate l(g).
-5
Suppose -5*x + 30 = 4*z, z + 7*x - 11 = 4*x. Let c(s) = -6 + 1 + 5 + 2 - s. Give c(z).
-3
Let n = 583 + -582. Let p(u) = -11*u**2 - u. What is p(n)?
-12
Let q(l) = -2*l**3 + 7*l**2 + 7*l + 5. Let g(k) = -k**3 + 6*k**2 + 6*k + 4. Let d(x) = -4*g(x) + 3*q(x). Suppose 7 + 8 = -3*z. Let r = z - -3. Determine d(r).
9
Let t(g) = g**3 - 5*g**2 - 5*g. Let s be 7 - (-7 + -1)/(-8). What is t(s)?
6
Suppose 4*q = 5*q + 3. Let s(t) = -t + 1. Give s(q).
4
Let b(h) = -5*h**3 - h**2 - 2*h - 4. Let s(a) = 3*a**3 + 2*a**2 + a + 3. Let c(x) = -2*b(x) - 3*s(x). Give c(3).
-7
Let f(a) = a**2 + a + 2. Let s(q) = q**3 - 11*q**2 - 3*q + 6. Let d(i) = f(i) + s(i). Determine d(10).
-12
Let b(k) = 44*k + 6. Let n(j) = -j - 1. Let y(l) = -b(l) - 6*n(l). Determine y(1).
-38
Let u be -4*5*(-12)/16. Let t = u + -11. Suppose -9 = -o - 4*x + 12, t*o - x - 16 = 0. Let z(w) = w + 1. Give z(o).
6
Let p(k) = -6*k - 1. Let q(n) = 3*n. Suppose -24*z = -26*z + 4. Let i(a) = z*p(a) + 5*q(a). Calculate i(2).
4
Let a(l) be the first derivative of 13*l**2/2 + 4*l - 5. Let w(q) = 7*q + 4 - 3 + 0 + 1. Let p(o) = -4*a(o) + 7*w(o). Determine p(3).
-11
Let x(o) = -32*o - 5. Let h(d) = -5*d. Let y(t) = -13*h(t) + 2*x(t). What is y(-6)?
-16
Let k(j) = 18*j**2 + 66*j + 28. Let i(d) = -5*d**2 - 20*d - 9. Let f(n) = -7*i(n) - 2*k(n). What is f(10)?
-13
Let k = 47 + -42. Suppose j = 4*j - 15, 0 = -i - 2*j + 11. Let o = i - k. Let w(v) = -2*v - 3. What is w(o)?
5
Let y(j) = -6*j**3. Let c = 78 - 77. Calculate y(c).
-6
Let r(b) = 14*b - 26. Let f(o) = -5*o + 9. Let i(m) = 17*f(m) + 6*r(m). Let n(x) = 11*x + 15. Let g be n(-2). Calculate i(g).
4
Let t(w) = -1 - 6 - w + 0 - w. Let c be 2/(-4) - 50/20. Let n be t(c). Let z(a) = 12*a**2 + a + 1. Give z(n).
12
Let q(s) = -5 + 6*s + 2 + 11 + 1 + 1. Calculate q(-6).
-26
Let f(g) = -34*g**3 - 11*g**2 + 11*g + 16. Let q(v) = -7*v**3 - 2*v**2 + 2*v + 3. Let s(a) = -2*f(a) + 11*q(a). Determine s(-1).
10
Suppose d + 42 = 3*d. Suppose 3*p + 27 - d = 0. Let a be ((-6)/(-12))/(p/12). Let m(r) = r**2 + 4*r + 2. Give m(a).
-1
Let w be (-1)/8 - 15/(1680/1442). Let j(s) = s**3 + 14*s**2 + 15*s + 29. What is j(w)?
3
Let c = 3241 - 3235. Let q(h) be the second derivative of -h**4/12 + 5*h**3/6 + 4*h**2 - h. Determine q(c).
2
Suppose 0 = -4*i - 12, -4*x + 7 + 2 = -3*i. Let f(p) = p**3 - p**2 - p + 19. Give f(x).
19
Let x(p) = 1. Let y(k) = -4*k - 19. Let z(a) = 4*x(a) + y(a). Let f be z(-5). Let l(s) = -1 - 2 + 1 - s. Determine l(f).
-7
Let r(n) be the first derivative of 3/2*n**2 + 3*n + 5. Calculate r(-7).
-18
Let j(f) = f + 5. Suppose 2*i + 4*b = -38, 0 = -4*i + 2*b + b - 87. Let w be 119/i + (-1)/3. Give j(w).
-1
Let m(g) = -g**3 - g**2 + g. Let v(s) = -s**3 + 6*s**2 + s - 2. Let b be v(6). Let z(i) = -9*i**3 - 5*i**2 + 4*i + 1. Let c(l) = b*m(l) - z(l). Calculate c(1).
5
Let w(k) be the second derivative of -k**5/20 - k**4/2 - k**3/2 + 3*k**2/2 - 18*k. What is w(-4)?
-17
Let c(a) = 11*a - 2. Let v(w) = -40*w + 12. Let i(l) = -8*c(l) - 2*v(l). What is i(-4)?
24
Let u(s) = -s**2 - 13*s + 20. Suppose -317 = 26*y + 47. Give u(y).
6
Let g(r) = -r**2 - 1. Let h(m) = 6*m**2 + 11*m + 1. Let t(x) = -5*g(x) - h(x). Determine t(-12).
-8
Let p(h) = h**2 + h + 5. Let v = 1310 + -1306. What is p(v)?
25
Let r(j) = -21*j - 3 + 6*j + 2. Suppose 9*q + 1 = 10. Determine r(q).
-16
Let k be ((-24)/18)/(10/(-15)) + (2 - 13). Let u(s) = s + 2*s + 13 - s. What is u(k)?
-5
Let y(d) be the second derivative of d**4/12 - d**3/6 - 3*d**2/2 + 328*d. Calculate y(-2).
3
Let j(i) = 0*i + 5 - 4*i - 2. Suppose k = -22*k - 92. Give j(k).
19
Suppose 95*a + 2*a = 97. Suppose 3*o = 4*x + 32, o + 0*o + x = -1. Let t(s) = 21*s**2 - 11*s. Let u(i) = -10*i**2 + 5*i. Let h(m) = o*t(m) + 9*u(m). Give h(a).
-5
Let u(n) = 2*n**2 - 5*n - 8. Let a be u(-2). Suppose 50 = a*x - 20. Let h(f) = f**3 - 7*f**2 - 10. What is h(x)?
-10
Suppose -6 - 13 = -3*m + j, -3*m - 5*j = -49. Let i = m + -5. Let x(k) = -k. Let l(t) = -5*t + 2. Let y(b) = l(b) - 6*x(b). Calculate y(i).
5
Let z(u) = 4*u**2 + 103*u + 102. Let b be z(-1). Let i(y) be the second derivative of 1/20*y**5 + 7*y + 0 - 3/2*y**2 + 7/6*y**b - 7/12*y**4. Determine i(6).
3
Let q(j) = 2*j + 1. Let s(z) = 2*z + 1. Let f(d) = 4*q(d) - 3*s(d). Suppose -2*b - 15 = 13*b. Give f(b).
-1
Suppose 12 = -v + 5*x, 0 = -v - 3*v + 2*x + 6. Suppose 4*y + y - 5*a - 30 = 0, 5*y + 2 = -v*a. Let i(t) = 3*t**2 - 2*t + 2. What is i(y)?
10
Suppose -3*q = x + 12, -2*q - 2*x - 1 = x. Let u(d) = -10*d - 26. Calculate u(q).
